{"id":12709,"date":"2023-01-07T16:43:19","date_gmt":"2023-01-07T16:43:19","guid":{"rendered":"https:\/\/vibefarma.com\/b2b\/?post_type=product&#038;p=12709"},"modified":"2025-06-25T11:32:24","modified_gmt":"2025-06-25T09:32:24","slug":"vitamina-c-liposomada","status":"publish","type":"product","link":"https:\/\/staging.vibefarma.com\/b2b\/tienda\/vitamina-c-liposomada\/","title":{"rendered":"Vitamina C Essentials (Liposomal)"},"content":{"rendered":"<h2><span style=\"font-size: 90%;\"><span style=\"color: #555555;\">&#x1f34a; Vitamina C Essentials<\/span>\u00a0de Vibefarma<\/span><\/h2>\n<p><strong>La Vitamina C Essentials de Vibefarma es un suplemento alimenticio dise\u00f1ado para apoyar el funcionamiento normal del sistema inmunitario y proteger a las c\u00e9lulas frente al da\u00f1o oxidativo.<\/strong> La vitamina C, en su forma liposomada, permite una mejor absorci\u00f3n y aprovechamiento en el cuerpo, brindando un soporte clave para la formaci\u00f3n normal de col\u00e1geno, esencial para la piel, los huesos y los cart\u00edlagos.<\/p>\n\t<div id=\"gap-551706893\" class=\"gap-element clearfix\" style=\"display:block; height:auto;\">\n\t\t\n<style>\n#gap-551706893 {\n  padding-top: 30px;\n}\n<\/style>\n\t<\/div>\n\t\n<div class=\"row row-small row-full-width align-equal\"  id=\"row-1963572435\">\n\n\t<div id=\"col-1778213256\" class=\"col small-12 large-12\"  >\n\t\t\t\t<div class=\"col-inner\"  >\n\t\t\t\n\t\t\t\n<h3><span style=\"font-size: 90%;\"><strong>&#x1f44d; <\/strong><\/span><span style=\"font-size: 90%;\"><strong>Beneficios de la Vitamina C Liposomada\u00a0<\/strong><\/span><\/h3>\n<ul>\n<li><strong>Sistema inmunitario<\/strong>: La <strong>vitamina C<\/strong> contribuye al funcionamiento normal del sistema inmunitario, ayudando al cuerpo a protegerse de los da\u00f1os externos.<\/li>\n<li><strong>Protecci\u00f3n antioxidante<\/strong>: Act\u00faa como un antioxidante, contribuyendo a la <strong>protecci\u00f3n de las c\u00e9lulas frente al da\u00f1o oxidativo<\/strong>.<\/li>\n<li><strong>Mejora de la absorci\u00f3n de hierro<\/strong>: La vitamina C <strong>aumenta la absorci\u00f3n del hierro<\/strong>, un mineral clave para la funci\u00f3n adecuada de la sangre.<\/li>\n<li><strong>Formaci\u00f3n de col\u00e1geno<\/strong>: Ayuda en la <strong>formaci\u00f3n normal de col\u00e1geno<\/strong>, contribuyendo al funcionamiento adecuado de la piel, los huesos, los cart\u00edlagos, los dientes y los vasos sangu\u00edneos.<\/li>\n<\/ul>\n<p><em>&#x1f52c; Declaraciones saludables (Reglamento UE N\u00ba432\/2012)<\/em><\/p>\n\t\t<\/div>\n\t\t\t\t\t<\/div>\n\n\t\n\n<style>\n#row-1963572435 > .col > .col-inner {\n  padding: 5% 5% 5% 5%;\n  background-color: #f4f1dc;\n  border-radius: 25px;\n}\n<\/style>\n<\/div>\n\t<div id=\"gap-1707508981\" class=\"gap-element clearfix\" style=\"display:block; height:auto;\">\n\t\t\n<style>\n#gap-1707508981 {\n  padding-top: 30px;\n}\n<\/style>\n\t<\/div>\n\t\n<h3>&#x26a1; <strong><span style=\"font-size: 90%;\">Composici\u00f3n e ingredientes<\/span><\/strong><\/h3>\n<table>\n<thead>\n<tr>\n<th>Composici\u00f3n por 3 c\u00e1psulas<\/th>\n<th>Cantidad<\/th>\n<th>% VRN<\/th>\n<\/tr>\n<\/thead>\n<tbody>\n<tr>\n<td>Vitamina C<\/td>\n<td>1000 mg<\/td>\n<td>1250%<\/td>\n<\/tr>\n<\/tbody>\n<\/table>\n<p><span style=\"font-size: 85%;\">*VRN: Valores de Referencia de Nutrientes para vitaminas y minerales.<\/span><\/p>\n\t<div id=\"gap-995368297\" class=\"gap-element clearfix\" style=\"display:block; height:auto;\">\n\t\t\n<style>\n#gap-995368297 {\n  padding-top: 30px;\n}\n<\/style>\n\t<\/div>\n\t\n<p><strong><span class=\"OYPEnA font-feature-liga-off font-feature-clig-off font-feature-calt-off text-decoration-none text-strikethrough-none\">&#x1f9ea; Ingredientes:<\/span><\/strong><span class=\"OYPEnA font-feature-liga-off font-feature-clig-off font-feature-calt-off text-decoration-none text-strikethrough-none\"> \u00c1cido L-asc\u00f3rbico liposomal (Vitamina C)(67,5% \u00e1cido L-asc\u00f3rbico y 32,5% complejo de fosfatidilcolina), c\u00e1psula (agente de recubrimiento: pullulano) y fibra de acacia soluble. <\/span><strong><span class=\"OYPEnA font-feature-liga-off font-feature-clig-off font-feature-calt-off text-decoration-none text-strikethrough-none\">Al\u00e9rgenos: <\/span><\/strong><span class=\"OYPEnA font-feature-liga-off font-feature-clig-off font-feature-calt-off text-decoration-none text-strikethrough-none\">No contiene. <\/span>No contiene ingredientes de origen animal, siendo adecuado para vegetarianos y veganos.<\/p>\n<p><strong><span class=\"OYPEnA font-feature-liga-off font-feature-clig-off font-feature-calt-off text-decoration-none text-strikethrough-none\">&#x2705; Dosis diaria recomendada:<\/span><\/strong><span class=\"OYPEnA font-feature-liga-off font-feature-clig-off font-feature-calt-off text-decoration-none text-strikethrough-none\"> 3 c\u00e1psulas. <\/span><strong><span class=\"OYPEnA font-feature-liga-off font-feature-clig-off font-feature-calt-off text-decoration-none text-strikethrough-none\">Modo de empleo:<\/span><\/strong><span class=\"OYPEnA font-feature-liga-off font-feature-clig-off font-feature-calt-off text-decoration-none text-strikethrough-none\"> Tomar 3 c\u00e1psulas al d\u00eda durante el desayuno. <\/span><\/p>\n<p>\n\t<div id=\"gap-862748146\" class=\"gap-element clearfix\" style=\"display:block; height:auto;\">\n\t\t\n<style>\n#gap-862748146 {\n  padding-top: 30px;\n}\n<\/style>\n\t<\/div>\n\t\n\n<h3><span style=\"font-size: 90%;\">&#x26a0;&#xfe0f; <strong>Advertencias<\/strong><\/span><\/h3>\n<p><strong>&#x1f6ab; No superar<\/strong> la dosis diaria expresamente recomendada.<br \/>&#x1f476; <strong>Mantener fuera del alcance<\/strong> de los ni\u00f1os m\u00e1s peque\u00f1os.<br \/>&#x1f957; <strong>Los complementos alimenticios<\/strong> no deben utilizarse como sustitutos de una dieta equilibrada y variada ni un modo de vida sano.<br \/>&#x2744;&#xfe0f; <strong>Almacene en un lugar fresco, seco y alejado de la luz solar directa.<\/strong><br \/>&#x1f512; <strong>No use este producto<\/strong> si el sello de seguridad est\u00e1 roto o falta.<\/p>\n","protected":false},"excerpt":{"rendered":"<p>&#x1f48a; <strong>Vitamina C Liposomada de VibeFarma.<\/strong>\u00a0Optimiza tu <strong>sistema inmunitario<\/strong> &#x1f6e1;&#xfe0f; y protege tus c\u00e9lulas frente al <strong>da\u00f1o oxidativo<\/strong> &#x2728; con <strong>1 g de vitamina C liposomada<\/strong>. Esta f\u00f3rmula de <strong>alta biodisponibilidad<\/strong> favorece la <strong>absorci\u00f3n del hierro<\/strong> y apoya la <strong>formaci\u00f3n de col\u00e1geno<\/strong>, contribuyendo a la salud de la <strong>piel<\/strong>, <strong>huesos<\/strong> &#x1f9b4; y <strong>cart\u00edlagos<\/strong>. &#x1f33f;&#x1f31f;<\/p>\n","protected":false},"featured_media":44140,"template":"","meta":{"_daextinma_seo_power":"","_daextinma_enable_ail":""},"product_brand":[140],"product_cat":[49],"product_tag":[114],"class_list":{"0":"post-12709","1":"product","2":"type-product","3":"status-publish","4":"has-post-thumbnail","6":"product_brand-vibefarma","7":"product_cat-suplementos-vitaminas","8":"product_tag-essentials","10":"first","11":"instock","12":"featured","13":"taxable","14":"shipping-taxable","15":"purchasable","16":"product-type-variable","17":"has-default-attributes"},"_links":{"self":[{"href":"https:\/\/staging.vibefarma.com\/b2b\/wp-json\/wp\/v2\/product\/12709","targetHints":{"allow":["GET"]}}],"collection":[{"href":"https:\/\/staging.vibefarma.com\/b2b\/wp-json\/wp\/v2\/product"}],"about":[{"href":"https:\/\/staging.vibefarma.com\/b2b\/wp-json\/wp\/v2\/types\/product"}],"wp:featuredmedia":[{"embeddable":true,"href":"https:\/\/staging.vibefarma.com\/b2b\/wp-json\/wp\/v2\/media\/44140"}],"wp:attachment":[{"href":"https:\/\/staging.vibefarma.com\/b2b\/wp-json\/wp\/v2\/media?parent=12709"}],"wp:term":[{"taxonomy":"product_brand","embeddable":true,"href":"https:\/\/staging.vibefarma.com\/b2b\/wp-json\/wp\/v2\/product_brand?post=12709"},{"taxonomy":"product_cat","embeddable":true,"href":"https:\/\/staging.vibefarma.com\/b2b\/wp-json\/wp\/v2\/product_cat?post=12709"},{"taxonomy":"product_tag","embeddable":true,"href":"https:\/\/staging.vibefarma.com\/b2b\/wp-json\/wp\/v2\/product_tag?post=12709"}],"curies":[{"name":"wp","href":"https:\/\/api.w.org\/{rel}","templated":true}]}}